{"id":11521,"date":"2024-06-26T06:21:19","date_gmt":"2024-06-26T06:21:19","guid":{"rendered":"http:\/\/localhost\/agency\/?page_id=11521"},"modified":"2025-11-06T02:16:16","modified_gmt":"2025-11-06T02:16:16","slug":"testimonial","status":"publish","type":"page","link":"https:\/\/brothersgym.shop\/?page_id=11521","title":{"rendered":"Testimonial"},"content":{"rendered":"\t\t<div data-elementor-type=\"wp-page\" data-elementor-id=\"11521\" class=\"elementor elementor-11521\">\n\t\t\t\t<div class=\"elementor-element elementor-element-3565871 e-con-full e-flex e-con e-parent\" data-id=\"3565871\" data-element_type=\"container\" data-settings=\"{&quot;background_background&quot;:&quot;classic&quot;}\">\n\t\t\t\t<div class=\"elementor-element elementor-element-e41256c elementor-widget elementor-widget-txmarquee\" data-id=\"e41256c\" data-element_type=\"widget\" data-widget_type=\"txmarquee.default\">\n\t\t\t\t<div class=\"elementor-widget-container\">\n\t\t\t\t\t\t\t\t\t\t\t\t\t\t\t\t\t\t\n\t\t\t\t\t\t<div class=\"marquee txmartext\">\n\t\t\t\t\t\t\t<div class=\"single_marquee_mdls\">\n\t\t\t\t\t\t\t\t\t\t\t\t\t\t\t\t\t\t\t\n\t\t\t\t\t\t\t\t\t\t<h2 class=\"txmartex\">GIMANSIO ACCESIBLE   **  <\/h2>\n\t\t\t\t\t\t\t\t\t\t\t\t\t\t\t\t\t\t\t\t\t\t\t\t\t\t\t\t\t\t\n\t\t\t\t\t\t\t\t\t\t<h2 class=\"txmartex\">BHOTHERS **  <\/h2>\n\t\t\t\t\t\t\t\t\t\t\t\t\t\t\t\t\t\t\t\t\t\t\t\t\t\t\t\t\t\t\n\t\t\t\t\t\t\t\t\t\t<h2 class=\"txmartex\">GYM ** <\/h2>\n\t\t\t\t\t\t\t\t\t\t\t\t\t\t\t\t\t\t\t\t\t\t\t\t\t\t\t\t\t\t\n\t\t\t\t\t\t\t\t\t\t<h2 class=\"txmartex\">DISCIPLINA  ** <\/h2>\n\t\t\t\t\t\t\t\t\t\t\t\t\t\t\t\t\t\t\t\t\t\t\t\t\t\t<\/div>\n\t\t\t\t\t\t\t<div class=\"single_marquee_mdls\">\n\t\t\t\t\t\t\t\t\t\t\t\t\t\t\t\t\t\t\t\n\t\t\t\t\t\t\t\t\t\t<h2 class=\"txmartex \">GIMANSIO ACCESIBLE   **  <\/h2>\n\t\t\t\t\t\t\t\t\t\t\t\t\t\t\t\t\t\t\t\t\t\t\t\t\t\t\t\t\t\t\n\t\t\t\t\t\t\t\t\t\t<h2 class=\"txmartex \">BHOTHERS **  <\/h2>\n\t\t\t\t\t\t\t\t\t\t\t\t\t\t\t\t\t\t\t\t\t\t\t\t\t\t\t\t\t\t\n\t\t\t\t\t\t\t\t\t\t<h2 class=\"txmartex \">GYM ** <\/h2>\n\t\t\t\t\t\t\t\t\t\t\t\t\t\t\t\t\t\t\t\t\t\t\t\t\t\t\t\t\t\t\n\t\t\t\t\t\t\t\t\t\t<h2 class=\"txmartex \">DISCIPLINA  ** <\/h2>\n\t\t\t\t\t\t\t\t\t\t\t\t\t\t\t\t\t\t\t\t\t\t\t\t\t\t<\/div>\n\t\t\t\t\t\t<\/div>\n\t\t\t\t\t\t\t\t\t<\/div>\n\t\t\t\t<\/div>\n\t\t\t\t<\/div>\n\t\t<div class=\"elementor-element elementor-element-5fc1cff e-flex e-con-boxed e-con e-child\" data-id=\"5fc1cff\" data-element_type=\"container\" data-settings=\"{&quot;background_background&quot;:&quot;classic&quot;}\">\n\t\t\t\t\t<div class=\"e-con-inner\">\n\t\t<div class=\"elementor-element elementor-element-8a30ecb e-con-full e-flex e-con e-child\" data-id=\"8a30ecb\" data-element_type=\"container\">\n\t\t\t\t<div class=\"elementor-element elementor-element-8a6f70b elementor-widget elementor-widget-witrsimage\" data-id=\"8a6f70b\" data-element_type=\"widget\" data-widget_type=\"witrsimage.default\">\n\t\t\t\t<div class=\"elementor-widget-container\">\n\t\t\t\t\t\t\n\t\t<div class=\"single_image_area\">\n\t\t\t<div class=\"single_image single_line_option  \">\n\t\t\t\t<!-- image -->\n\t\t\t\t<img fetchpriority=\"high\" decoding=\"async\" width=\"1024\" height=\"1024\" src=\"https:\/\/brothersgym.shop\/wp-content\/uploads\/2025\/11\/gimnasio-1.jpg\" class=\"attachment-large size-large wp-image-35167\" alt=\"\" srcset=\"https:\/\/brothersgym.shop\/wp-content\/uploads\/2025\/11\/gimnasio-1.jpg 1024w, https:\/\/brothersgym.shop\/wp-content\/uploads\/2025\/11\/gimnasio-1-300x300.jpg 300w, https:\/\/brothersgym.shop\/wp-content\/uploads\/2025\/11\/gimnasio-1-150x150.jpg 150w, https:\/\/brothersgym.shop\/wp-content\/uploads\/2025\/11\/gimnasio-1-768x768.jpg 768w, https:\/\/brothersgym.shop\/wp-content\/uploads\/2025\/11\/gimnasio-1-70x70.jpg 70w\" sizes=\"(max-width: 1024px) 100vw, 1024px\" \/>\t\t\n\t\t\t\t\t\t\t\t\t\t\t<\/div>\n\t\t<\/div>\n\t\t\t\n\t\t\t\n\t\t\n\t\t\t\n\t\t\t\t\t\t<\/div>\n\t\t\t\t<\/div>\n\t\t\t\t<\/div>\n\t\t<div class=\"elementor-element elementor-element-1bb7663 e-con-full e-flex e-con e-child\" data-id=\"1bb7663\" data-element_type=\"container\" data-settings=\"{&quot;background_background&quot;:&quot;classic&quot;}\">\n\t\t\t\t<div class=\"elementor-element elementor-element-57ffc44 elementor-widget elementor-widget-witrtestiw\" data-id=\"57ffc44\" data-element_type=\"widget\" data-widget_type=\"witrtestiw.default\">\n\t\t\t\t<div class=\"elementor-widget-container\">\n\t\t\t\t\t\t\t<div class=\"witr_carousel_main row witr_slick_active row\" dir=\"ltr\" data-witrshowdata=\"{&quot;witr_infiv&quot;:true,&quot;witr_stsv&quot;:1,&quot;witr_stsr&quot;:1,&quot;witr_apv&quot;:true,&quot;witr_apsv&quot;:6000,&quot;witr_spv&quot;:2000,&quot;witr_pohv&quot;:true,&quot;witr_cmv&quot;:true,&quot;witr_cpv&quot;:&quot;0px&quot;,&quot;witr_fadev&quot;:false,&quot;witr_arrv&quot;:false,&quot;witr_dotv&quot;:true,&quot;witr_bpdv&quot;:1200,&quot;witr_shv&quot;:1,&quot;witr_bptv&quot;:992,&quot;witr_tshv&quot;:1,&quot;witr_bpmv&quot;:767,&quot;witr_mshv&quot;:1,&quot;witr_bpsmv&quot;:480,&quot;witr_smshv&quot;:1}\"style=\"display:block\">\n\t\t\t\t\t\t\t<div class=\"col-md-12  txbdmb30\">\r\n\t\t\t\t\t\t<div class=\"tsitem pmt alltesicl\">\r\n\t\t\t\t\t\t\t<div class=\"tsimg tsimgpt\">\r\n\t\t\t\t\t\t\t<img decoding=\"async\" width=\"70\" height=\"70\" src=\"https:\/\/brothersgym.shop\/wp-content\/uploads\/2025\/11\/carol-70x70.jpg\" class=\"attachment-crofit_recent_image size-crofit_recent_image wp-image-35015\" alt=\"\" srcset=\"https:\/\/brothersgym.shop\/wp-content\/uploads\/2025\/11\/carol-70x70.jpg 70w, https:\/\/brothersgym.shop\/wp-content\/uploads\/2025\/11\/carol-150x150.jpg 150w, https:\/\/brothersgym.shop\/wp-content\/uploads\/2025\/11\/carol-600x600.jpg 600w\" sizes=\"(max-width: 70px) 100vw, 70px\" \/>\t\t\t\t\t\t\t<\/div>\r\n\t\t\t\t\t\t\t<div class=\"tscon\">\r\n\t\t\t\t\t\t\t\t\t\t\t\t\t\t\t\t\t<p>\u201cEntrenar en Brothers Gym cambi\u00f3 completamente mi rutina.\nLos entrenadores siempre est\u00e1n pendientes, te corrigen la t\u00e9cnica y te motivan a dar un poco m\u00e1s cada d\u00eda. En tres meses no solo baj\u00e9 de peso, tambi\u00e9n gan\u00e9 confianza y energ\u00eda. \u00a1El ambiente es incre\u00edble!\u201d <\/p>\t\t\r\n\t\t\t\t\t\t\t\t\t\t\t\t\t\t\t\r\n\t\t\t\t\t\t\t\t\t\t\t\t\t\t\t\t<h2 class=\"tstitle\">Carol Salinas -<span class=\"tesspanf\"> Cliente del gimnasio <\/span> <\/h2>\r\n\t\t\t\t\t\t\t\t\t\t\t\t\t\t\t\t\r\n\t\t\t\t\t\t\t\t<div class=\"tsreview tsdflex d-flex align-items-center justify-content-start\">\r\n\t\t\t\t\t\t\t\t\t<div class=\"tsrevstar\">\r\n\t\t\t\t\t\t\t\t\t\t \t\t\t\t\t\t\t\t\t<\/div>\r\n\t\t\t\t\t\t\t\t\t\t\t\t\t\t\t\t\t<\/div>\t\t\t\t\t\t\t\t\r\n\r\n\t\t\t\t\t\t\t<\/div>\r\n\t\t\t\t\t\t<\/div>\t\t\t\t\t\t\r\n\t\t\t\t\t<\/div>\r\n\t\t\t\t\t<div class=\"col-md-12  txbdmb30\">\r\n\t\t\t\t\t\t<div class=\"tsitem pmt alltesicl\">\r\n\t\t\t\t\t\t\t<div class=\"tsimg tsimgpt\">\r\n\t\t\t\t\t\t\t<img decoding=\"async\" width=\"70\" height=\"70\" src=\"https:\/\/brothersgym.shop\/wp-content\/uploads\/2025\/11\/jh-70x70.jpg\" class=\"attachment-crofit_recent_image size-crofit_recent_image wp-image-35042\" alt=\"\" srcset=\"https:\/\/brothersgym.shop\/wp-content\/uploads\/2025\/11\/jh-70x70.jpg 70w, https:\/\/brothersgym.shop\/wp-content\/uploads\/2025\/11\/jh-150x150.jpg 150w\" sizes=\"(max-width: 70px) 100vw, 70px\" \/>\t\t\t\t\t\t\t<\/div>\r\n\t\t\t\t\t\t\t<div class=\"tscon\">\r\n\t\t\t\t\t\t\t\t\t\t\t\t\t\t\t\t\t<p>\u201cLo que m\u00e1s me gusta de Brothers Gym es la comunidad que se forma.\nTodos te apoyan, desde el personal hasta los compa\u00f1eros de entrenamiento. El equipo es moderno, las clases son din\u00e1micas y siempre hay algo nuevo que aprender. Sin duda, el mejor gimnasio de la zona.\u201d <\/p>\t\t\r\n\t\t\t\t\t\t\t\t\t\t\t\t\t\t\t\r\n\t\t\t\t\t\t\t\t\t\t\t\t\t\t\t\t<h2 class=\"tstitle\">Johnny Tigrero - <span class=\"tesspanf\"> Cliente del gimnasio <\/span> <\/h2>\r\n\t\t\t\t\t\t\t\t\t\t\t\t\t\t\t\t\r\n\t\t\t\t\t\t\t\t<div class=\"tsreview tsdflex d-flex align-items-center justify-content-start\">\r\n\t\t\t\t\t\t\t\t\t<div class=\"tsrevstar\">\r\n\t\t\t\t\t\t\t\t\t\t \t\t\t\t\t\t\t\t\t<\/div>\r\n\t\t\t\t\t\t\t\t\t\t\t\t\t\t\t\t\t<\/div>\t\t\t\t\t\t\t\t\r\n\r\n\t\t\t\t\t\t\t<\/div>\r\n\t\t\t\t\t\t<\/div>\t\t\t\t\t\t\r\n\t\t\t\t\t<\/div>\r\n<\/div>\t\t\t\t<\/div>\n\t\t\t\t<\/div>\n\t\t\t\t<\/div>\n\t\t\t\t\t<\/div>\n\t\t\t\t<\/div>\n\t\t<div class=\"elementor-element elementor-element-755e06d e-flex e-con-boxed e-con e-child\" data-id=\"755e06d\" data-element_type=\"container\" data-settings=\"{&quot;background_background&quot;:&quot;classic&quot;}\">\n\t\t\t\t\t<div class=\"e-con-inner\">\n\t\t\t\t<div class=\"elementor-element elementor-element-35e6c57 elementor-widget elementor-widget-carsoulw\" data-id=\"35e6c57\" data-element_type=\"widget\" data-widget_type=\"carsoulw.default\">\n\t\t\t\t<div class=\"elementor-widget-container\">\n\t\t\t\t\t\t<!--======  START wittr_car_top_right ======-->\n\t<div class=\"txbdicarosel allcostyle\">\n\t\t<div class=\"witr_carousel_main row witr_slick_active row\" dir=\"ltr\" data-witrshowdata=\"{&quot;witr_infiv&quot;:true,&quot;witr_stsv&quot;:5,&quot;witr_stsr&quot;:1,&quot;witr_apv&quot;:true,&quot;witr_apsv&quot;:6000,&quot;witr_spv&quot;:2000,&quot;witr_pohv&quot;:true,&quot;witr_cmv&quot;:true,&quot;witr_cpv&quot;:&quot;0px&quot;,&quot;witr_fadev&quot;:false,&quot;witr_arrv&quot;:true,&quot;witr_dotv&quot;:false,&quot;witr_bpdv&quot;:1200,&quot;witr_shv&quot;:4,&quot;witr_bptv&quot;:992,&quot;witr_tshv&quot;:3,&quot;witr_bpmv&quot;:767,&quot;witr_mshv&quot;:1,&quot;witr_bpsmv&quot;:480,&quot;witr_smshv&quot;:1}\"style=\"display:block\">\n\t\t\t\t\t\t\t\t\t\t\n\t\t\n\t\t\t\t\t<div class=\"slide_items  \">\n\t\t\t\t\t<!-- image -->\n\t\t\t\t\t<img loading=\"lazy\" decoding=\"async\" width=\"168\" height=\"135\" src=\"https:\/\/brothersgym.shop\/wp-content\/uploads\/2024\/11\/brand-1.png\" class=\"attachment-large size-large wp-image-34641\" alt=\"\" \/>\t\t\t\t\t\t\t\t\t\n\t\t\t\t\t<\/div>\n\t\t\t\t\n\t\t\t\t\t\n\t\t\t\t\t\t\t\t\t\t\t\n\t\t\n\t\t\t\t\t<div class=\"slide_items  \">\n\t\t\t\t\t<!-- image -->\n\t\t\t\t\t<img loading=\"lazy\" decoding=\"async\" width=\"158\" height=\"135\" src=\"https:\/\/brothersgym.shop\/wp-content\/uploads\/2024\/11\/brand-2.png\" class=\"attachment-large size-large wp-image-34642\" alt=\"\" \/>\t\t\t\t\t\t\t\t\t\n\t\t\t\t\t<\/div>\n\t\t\t\t\n\t\t\t\t\t\n\t\t\t\t\t\t\t\t\t\t\t\n\t\t\n\t\t\t\t\t<div class=\"slide_items  \">\n\t\t\t\t\t<!-- image -->\n\t\t\t\t\t<img loading=\"lazy\" decoding=\"async\" width=\"157\" height=\"135\" src=\"https:\/\/brothersgym.shop\/wp-content\/uploads\/2024\/11\/brand-3.png\" class=\"attachment-large size-large wp-image-34643\" alt=\"\" \/>\t\t\t\t\t\t\t\t\t\n\t\t\t\t\t<\/div>\n\t\t\t\t\n\t\t\t\t\t\n\t\t\t\t\t\t\t\t\t\t\t\n\t\t\n\t\t\t\t\t<div class=\"slide_items  \">\n\t\t\t\t\t<!-- image -->\n\t\t\t\t\t<img loading=\"lazy\" decoding=\"async\" width=\"154\" height=\"135\" src=\"https:\/\/brothersgym.shop\/wp-content\/uploads\/2024\/11\/brand-4.png\" class=\"attachment-large size-large wp-image-34644\" alt=\"\" \/>\t\t\t\t\t\t\t\t\t\n\t\t\t\t\t<\/div>\n\t\t\t\t\n\t\t\t\t\t\n\t\t\t\t\t\t\t\t\t\t\t\n\t\t\n\t\t\t\t\t<div class=\"slide_items  \">\n\t\t\t\t\t<!-- image -->\n\t\t\t\t\t<img loading=\"lazy\" decoding=\"async\" width=\"130\" height=\"135\" src=\"https:\/\/brothersgym.shop\/wp-content\/uploads\/2024\/11\/brand-5.png\" class=\"attachment-large size-large wp-image-34645\" alt=\"\" \/>\t\t\t\t\t\t\t\t\t\n\t\t\t\t\t<\/div>\n\t\t\t\t\n\t\t\t\t\t\n\t\t\t\t\t\t\t\t\t\t\t\n\t\t\n\t\t\t\t\t<div class=\"slide_items  \">\n\t\t\t\t\t<!-- image -->\n\t\t\t\t\t<img loading=\"lazy\" decoding=\"async\" width=\"157\" height=\"135\" src=\"https:\/\/brothersgym.shop\/wp-content\/uploads\/2024\/11\/brand-6.png\" class=\"attachment-large size-large wp-image-34646\" alt=\"\" \/>\t\t\t\t\t\t\t\t\t\n\t\t\t\t\t<\/div>\n\t\t\t\t\n\t\t\t\t\t\n\t\t\t\t\t\t<\/div>\t\t\t\t\t\t\n\t\t\t\t\t\t\n\t<\/div>\n\t<!--====== PART ENDS ======-->\t\t\n\t\t\t\t<\/div>\n\t\t\t\t<\/div>\n\t\t\t\t\t<\/div>\n\t\t\t\t<\/div>\n\t\t<div class=\"elementor-element elementor-element-009eae3 e-flex e-con-boxed e-con e-child\" data-id=\"009eae3\" data-element_type=\"container\" data-settings=\"{&quot;background_background&quot;:&quot;classic&quot;}\">\n\t\t\t\t\t<div class=\"e-con-inner\">\n\t\t<div class=\"elementor-element elementor-element-7c9936a e-con-full e-flex e-con e-child\" data-id=\"7c9936a\" data-element_type=\"container\">\n\t\t\t\t<div class=\"elementor-element elementor-element-276f0ab elementor-widget elementor-widget-witrsimage\" data-id=\"276f0ab\" data-element_type=\"widget\" data-widget_type=\"witrsimage.default\">\n\t\t\t\t<div class=\"elementor-widget-container\">\n\t\t\t\t\t\t\n\t\t<div class=\"single_image_area\">\n\t\t\t<div class=\"single_image single_line_option  \">\n\t\t\t\t<!-- image -->\n\t\t\t\t<img loading=\"lazy\" decoding=\"async\" width=\"452\" height=\"151\" src=\"https:\/\/brothersgym.shop\/wp-content\/uploads\/2024\/11\/dumble-bg.png\" class=\"attachment-large size-large wp-image-34650\" alt=\"\" srcset=\"https:\/\/brothersgym.shop\/wp-content\/uploads\/2024\/11\/dumble-bg.png 452w, https:\/\/brothersgym.shop\/wp-content\/uploads\/2024\/11\/dumble-bg-300x100.png 300w\" sizes=\"(max-width: 452px) 100vw, 452px\" \/>\t\t\n\t\t\t\t\t\t\t\t\t\t\t<\/div>\n\t\t<\/div>\n\t\t\t\n\t\t\t\n\t\t\n\t\t\t\n\t\t\t\t\t\t<\/div>\n\t\t\t\t<\/div>\n\t\t\t\t<\/div>\n\t\t<div class=\"elementor-element elementor-element-9d24778 e-con-full e-flex e-con e-child\" data-id=\"9d24778\" data-element_type=\"container\">\n\t\t\t\t<div class=\"elementor-element elementor-element-c0396af elementor-widget elementor-widget-tts\" data-id=\"c0396af\" data-element_type=\"widget\" data-widget_type=\"tts.default\">\n\t\t\t\t<div class=\"elementor-widget-container\">\n\t\t\t\t\t\t\t\t\t\t<!-- title left -->\n\t\t\t\t\t<div class=\"tts text-left\">\n\t\t\t\t\t\t<div class=\"ttin\">\n\t\t\t\t\t\t\n\t\t\t\t\t\t\t<!-- icon position -->\n\t\t\t\t\t\t\t\t\n\t\t\t\t\t\t\t<!-- end icon position -->\n\t\t\t\t\t\t\t\n\t\t\t\t\t\t\t<!-- title top -->\n\t\t\t\t\t\t\t\n\n\t\t\t\t\t\t\t<!-- icon position -->\n\t\t\t\t\t\t\t\t\n\t\t\t\t\t\t\t<!-- end icon position -->\n\n\t\t\t\t\t\t\t<!-- title middle -->\n\t\t\t\t\t\t\t\t\t\t\t\t\t\t\t<h2 class=\"txbdstitle sttwo hlight\"><span>Recibe <\/span>Novedades y Ofertas\n<\/h2>\n\t\t\t\t\t\t\t\t\t\t\t\t\t\t<!-- title bottom -->\n\t\t\t\t\t\t\t\n\t\t\t\t\t\t\t\t\t\t\t\t\t\t\n\t\t\t\t\t\t\t<!-- image -->\n\t\t\t\t\t\t\t\t\t\t\t\t\t\t<!-- icon -->\n\t\t\t\t\t\t\t\t\t\t\t\t\t\t\n\t\t\t\t\t\t\t<!-- bar -->\n\t\t\t\t\t\t\t\t\t\t\t\t\t\t<!-- circle bar -->\n\t\t\t\t\t\t\t\t\t\t\t\t\t\t\n\t\t\t\t\t\t\t\t\n\t\t\t\t\t\t\t\n\t\t\t\t\t\t\t<!-- content -->\n\t\t\t\t\t\t\t\t\n\t\t\t\t\t\t<\/div>\n\t\t\t\t\t\t\t<!-- inner title -->\n\t\t\t\t\t\t\t\t\t\t\t\t\t\n\t\t\t\t\t<\/div>\t\t\t\t\n\t\t\t\t\t\t\t\t<\/div>\n\t\t\t\t<\/div>\n\t\t\t\t<div class=\"elementor-element elementor-element-ba6183c elementor-widget elementor-widget-shortcode\" data-id=\"ba6183c\" data-element_type=\"widget\" data-widget_type=\"shortcode.default\">\n\t\t\t\t\t\t\t<div class=\"elementor-shortcode\"><script>(function() {\n\twindow.mc4wp = window.mc4wp || {\n\t\tlisteners: [],\n\t\tforms: {\n\t\t\ton: function(evt, cb) {\n\t\t\t\twindow.mc4wp.listeners.push(\n\t\t\t\t\t{\n\t\t\t\t\t\tevent   : evt,\n\t\t\t\t\t\tcallback: cb\n\t\t\t\t\t}\n\t\t\t\t);\n\t\t\t}\n\t\t}\n\t}\n})();\n<\/script><!-- Mailchimp for WordPress v4.10.8 - https:\/\/wordpress.org\/plugins\/mailchimp-for-wp\/ --><form id=\"mc4wp-form-1\" class=\"mc4wp-form mc4wp-form-673\" method=\"post\" data-id=\"673\" data-name=\"\" ><div class=\"mc4wp-form-fields\"><p>\r\n<input type=\"email\" name=\"EMAIL\" placeholder=\"Email\" required=\"\">\r\n<button type=\"submit\" value=\"Subscribe\">\r\n<span>Subscribe<\/span>\r\n<\/button>\r\n<\/p><p>\r\n    <label>\r\n        <input type=\"checkbox\" name=\"AGREE_TO_TERMS\" value=\"1\" required=\"\">I have read and agree to the terms &amp; conditions<\/label>\r\n<\/p>\r\n<\/div><label style=\"display: none !important;\">Deja este campo vac\u00edo si eres humano: <input type=\"text\" name=\"_mc4wp_honeypot\" value=\"\" tabindex=\"-1\" autocomplete=\"off\" \/><\/label><input type=\"hidden\" name=\"_mc4wp_timestamp\" value=\"1778392631\" \/><input type=\"hidden\" name=\"_mc4wp_form_id\" value=\"673\" \/><input type=\"hidden\" name=\"_mc4wp_form_element_id\" value=\"mc4wp-form-1\" \/><div class=\"mc4wp-response\"><\/div><\/form><!-- \/ Mailchimp for WordPress Plugin --><\/div>\n\t\t\t\t\t\t<\/div>\n\t\t\t\t<\/div>\n\t\t\t\t\t<\/div>\n\t\t\t\t<\/div>\n\t\t\t\t<\/div>\n\t\t","protected":false},"excerpt":{"rendered":"<p>GIMANSIO ACCESIBLE ** BHOTHERS ** GYM ** DISCIPLINA ** GIMANSIO ACCESIBLE ** BHOTHERS ** GYM ** DISCIPLINA ** \u201cEntrenar en Brothers Gym cambi\u00f3 completamente mi rutina. Los entrenadores siempre est\u00e1n pendientes, te corrigen la t\u00e9cnica y te motivan a dar un poco m\u00e1s cada d\u00eda. En tres meses no solo baj\u00e9 de peso, tambi\u00e9n gan\u00e9 [&hellip;]<\/p>\n","protected":false},"author":1,"featured_media":0,"parent":0,"menu_order":0,"comment_status":"closed","ping_status":"closed","template":"template-home.php","meta":{"footnotes":""},"class_list":["post-11521","page","type-page","status-publish","hentry"],"_links":{"self":[{"href":"https:\/\/brothersgym.shop\/index.php?rest_route=\/wp\/v2\/pages\/11521","targetHints":{"allow":["GET"]}}],"collection":[{"href":"https:\/\/brothersgym.shop\/index.php?rest_route=\/wp\/v2\/pages"}],"about":[{"href":"https:\/\/brothersgym.shop\/index.php?rest_route=\/wp\/v2\/types\/page"}],"author":[{"embeddable":true,"href":"https:\/\/brothersgym.shop\/index.php?rest_route=\/wp\/v2\/users\/1"}],"replies":[{"embeddable":true,"href":"https:\/\/brothersgym.shop\/index.php?rest_route=%2Fwp%2Fv2%2Fcomments&post=11521"}],"version-history":[{"count":10,"href":"https:\/\/brothersgym.shop\/index.php?rest_route=\/wp\/v2\/pages\/11521\/revisions"}],"predecessor-version":[{"id":35197,"href":"https:\/\/brothersgym.shop\/index.php?rest_route=\/wp\/v2\/pages\/11521\/revisions\/35197"}],"wp:attachment":[{"href":"https:\/\/brothersgym.shop\/index.php?rest_route=%2Fwp%2Fv2%2Fmedia&parent=11521"}],"curies":[{"name":"wp","href":"https:\/\/api.w.org\/{rel}","templated":true}]}}